lse
Let o(r) be the first derivative of -301*r**5/24 + 7*r**4/24 + 29*r**3/3 - 20. Let a(q) be the third derivative of o(q). Is a(-2) prime?
False
Let y(v) = 2*v**2 + 6*v + 14. Let u(b) = -4*b**2 - 12*b - 29. Let d(a) = 2*u(a) + 5*y(a). Let z(h) be the first derivative of d(h). Is z(5) a prime number?
False
Let a(k) = 3*k**2 + 9*k + 29. Suppose 95 - 59 = -6*y. Is a(y) composite?
False
Is 167967119/191 - -3*2*2 composite?
True
Let w(o) = -7*o**3 - 7 - o + 5*o + 20 + 13*o**2 - 322*o**3 - 2*o. Is w(-4) composite?
False
Let x = 83471 + 1688. Is x prime?
True
Let p(o) = 1028*o - 3. Let g(v) = v - 14. Let x be g(17). Let d be p(x). Suppose -12*h = -9*h - d. Is h prime?
False
Suppose -11*w + 14*w - 7250327 = 2*t, 5*w = 10*t + 12083865. Is w a prime number?
False
Let j = 1823 + -1009. Let u = -231 + j. Is u prime?
False
Let j = -709 - -134. Let f = j + 11742. Is f prime?
False
Suppose 8127 = 22*v - v. Suppose v = k - 104. Is k composite?
False
Let a(k) = -3*k - 36. Let r be a(-13). Suppose -4*i + t + 3118 = r*t, 3153 = 4*i - 5*t. Is 12/(-30) - (i/(-5) - 1) a prime number?
True
Let f(p) = 1714*p**2 - 93*p - 149. Is f(-8) a prime number?
True
Suppose -1266551 = -42*d + 1151431. Is d composite?
False
Suppose -8*g - 24*g + 7366432 = 0. Is g prime?
False
Let n = -662 + 649. Is n/((-1)/(438 + -5)) prime?
False
Let d = -196280 - -358696. Suppose 37*i = 53*i - d. Is i a composite number?
False
Let u(b) = -b - 13. Let v be u(-16). Suppose -1 = -2*g + v. Is ((23/(-2))/(g/184))/(-2) prime?
False
Let u(i) = 358*i + 386. Let r be u(-1). Let p be (11/(-3))/(1/(-708)). Suppose -p = 24*b - r*b. Is b prime?
False
Suppose -2*n - 59424 = -4*r, -4*r - 4*n + 32154 + 27282 = 0. Is r a prime number?
False
Let g be (-45764)/(-7) - 6/(-21). Suppose s - 1567 = -5*q, 0 = -5*s + 2*q + 1162 + g. Let m = s - -1277. Is m a prime number?
True
Suppose 4*y = -0*y + 2*q + 92642, 3*q + 92637 = 4*y. Suppose 14*c + 4431 = y. Let o = c - 575. Is o prime?
False
Let a(p) = 8191*p + 1059. Is a(4) a composite number?
True
Let a be (9/(-3) - -4) + 1. Let r be (a - 24/9) + 46036/(-3). Is 20/50 - r/10 prime?
False
Suppose 2*u = 3*l - 7, 2*l - 10 = -0*l. Let i be 1 + (u/2 - 0). Is (-10 + 32)*(27/6)/i composite?
True
Let a = -53 - -45. Let o = a - -11. Is (o - 4 - -2) + 9 composite?
True
Suppose 3*d - 2*n = 1043, 4*d - 4*n = 766 + 630. Let r(s) = 140*s - 65. Let p be r(8). Suppose -2*o - q + p = o, d = o + 2*q. Is o a prime number?
True
Let l = -132 - -105. Let g = 395 - l. Is g prime?
False
Let n = 81949 - -8594. Is n prime?
False
Let r(u) = -111*u**3 - u**2 - 3*u - 2. Let w be r(-1). Suppose 4*i - 484 = -4*b, -3*b + 2*i + 267 = -w. Let x = b - -463. Is x a prime number?
True
Let o(r) = 2*r**3 - 20*r**2 - 4*r - 7. Let z(k) = k**3 + 12*k**2 + 5*k + 75. Let l be z(-12). Is o(l) composite?
True
Let c(h) = -h**3 + 26*h**2 + 5*h - 19. Let s be c(20). Suppose -4*v + s = -2659. Is v a prime number?
False
Let f = 12074 + -1117. Suppose -y = -8776 - f. Is y composite?
True
Is (-6)/(-9) + (-20576164)/(-228) composite?
False
Let j be (-2)/9 - 780/(-108). Is (198/30 - j)/((-2)/3985) composite?
False
Suppose 611*c - 607*c + 4*k - 125220 = 0, -5*k - 10 = 0. Is c composite?
False
Let g = 1572523 - 615324. Is g a composite number?
True
Let a = 15319 - 8791. Let b = 12383 - a. Is b prime?
False
Let j(n) = -n**2 - 3*n + 32. Let f be j(-8). Let q(p) = -25*p**2 - 15*p + 2. Let d be q(f). Let y = 911 - d. Is y composite?
False
Let s = -114 - -1249. Is s composite?
True
Let h be (27/(-6))/((-2)/4). Let v = -212 - -4900. Suppose -j + h*j - v = 0. Is j a composite number?
True
Let b be (-8)/28 - (4 - 303/7). Suppose b*s = 32*s - 29337. Let u = -2356 - s. Is u composite?
True
Suppose -19 = -o - 3*v + 5, -23 = -2*o - v. Let t(i) = 250*i - 19. Is t(o) a composite number?
True
Suppose -719624 - 10601741 = -55*r. Is r prime?
False
Let y = 33 + -30. Suppose -p + 15 = -3*n, 21 + 4 = -y*p - 5*n. Suppose p = -6*o + o + 4835. Is o a prime number?
True
Let n = -94457 + 139600. Is n a composite number?
True
Let b be (-48)/12 + (9 - 2). Suppose -12615 = b*h - 37578. Is h a composite number?
True
Suppose 3234 = -66*f + 73*f. Suppose f*h - 469*h = -19999. Is h a prime number?
True
Let g = 41951 + 341466. Is g a prime number?
True
Let x(y) = -39 - 18 - y**3 + 38 + 10*y**2 - 7*y. Let a be x(9). Is a*(-5 - -6)*-1137 a composite number?
True
Suppose c = 555 - 3281. Let k = c + 3955. Is k a prime number?
True
Let q = 805 + -1366. Let g = -363 - q. Let h = 451 - g. Is h a prime number?
False
Let h be (-7 + 12)*(-6)/(-15). Suppose 4*n - h*g + 4*g - 4614 = 0, -20 = -4*g. Is n prime?
True
Suppose 21*b - 11*b - 121930 = 0. Is b composite?
True
Let m(f) = -264*f**2 - 6*f - 18. Let h(k) = -265*k**2 - 6*k - 17. Let u(j) = 5*h(j) - 6*m(j). Is u(-6) prime?
True
Let k(g) = g**3 - 20*g**2 + 211*g - 433. Is k(60) prime?
True
Let j(l) = -22*l**3 + 39*l**2 + 68*l - 32. Is j(-9) prime?
True
Suppose 0 = 4*d - 2 - 30. Suppose i + 4*m = 4648, 0 = 4*m - 8*m - d. Suppose i + 1580 = 4*r. Is r composite?
False
Suppose -5*a - 5 = -2*m + 15, 4*a = m - 16. Suppose 8*d - 2*d = m. Suppose z = -d*g + g - 596, 0 = -5*g + 2*z + 2983. Is g a composite number?
True
Suppose g = 5*d - d - 3749, -18777 = 5*g - 4*d. Let s = g + 31958. Is s a prime number?
True
Suppose 5953 = -3*y + 66934. Is y prime?
True
Let a be (1532/12)/(3/(-81)). Let b be a/(-13) - 12/78. Suppose 8 = 2*t, 3*l + 0*t = -t + b. Is l prime?
False
Let g = -34886 + 110448. Is g a composite number?
True
Let k(w) = 7607*w**3 - 4*w**2 + 17*w - 17. Is k(2) a composite number?
True
Let n(r) = -150700*r - 291. Is n(-2) prime?
False
Let a(g) be the first derivative of g**3/3 + g**2 - 111*g + 14. Let m be a(0). Is (m/6)/(-1)*14 composite?
True
Suppose -22*g - 3108963 = -61*g. Suppose 4*s = 8*s - 4*y - 159416, -y + g = 2*s. Is s composite?
False
Let v be 24 + -24 + (-3 - 1). Is (-11388)/v - (-20)/(-5) prime?
True
Let u = 193 - 191. Suppose -b + 1356 = 3*c - 3*b, 6 = u*b. Is c composite?
True
Let o(i) = -i**3 - 5*i**2 + 4*i + 11. Let l(p) = -p**3 - p**2 + p - 5. Let r be l(0). Let c be o(r). Is (-2)/c - (-2275)/9 prime?
False
Is (-6 - -7618) + 18/8*4 composite?
False
Suppose -o - 5*g + 58079 = 0, -3*g + 0*g + 58091 = o. Is o a composite number?
False
Let w(y) = 194750*y - 3319. Is w(4) composite?
False
Let n be (17/((-153)/120))/(1/3). Let s = n - -45. Suppose 8793 = s*v - 4472. Is v prime?
False
Suppose 0*w = -4*w + 8. Suppose 72 = -w*o - 4*b, 1 = 2*o + 2*b + 79. Is 802/(-3)*o/4 prime?
False
Let s be (-17 + 1)/4 - 54. Let r = s + 70. Suppose -14*x + r*x + 1786 = 0. Is x composite?
True
Suppose 0 = 39*t - 50*t + 30*t - 8634569. Is t composite?
False
Suppose -b + 207260 = 3*w, w - 414515 = -6*b + 4*b. Is b a prime number?
True
Let v be 85210/(-20) - 2/4. Let q = -2193 - v. Suppose 6*u - 3*u - 2*s - 1241 = 0, -3*s = -5*u + q. Is u a prime number?
False
Suppose -5*k + 4*a - 730 + 20 = 0, 0 = a + 5. Let x = 557 + k. Is x composite?
True
Suppose -228208 = -10*a + 93382. Is a composite?
False
Let o be (180/7)/((-98)/18865). Let g = o - -14183. Is g prime?
False
Suppose -9*x + 38 = 11. Is x + 1 + (-9 + 10)*3759 prime?
False
Is ((-260346)/(-12))/((-3 - -7)/8) composite?
False
Let h = 6 + 8. Suppose -8 = -12*y + h*y. Is (2/y)/((-8)/7664) prime?
True
Let r(c) = c**3 - 40*c**2 + 109*c + 82. Let j be r(37). Let l(p) = p**3 + p**2 + 5*p - 123. Is l(j) composite?
True
Suppose -27*d + 10*d = 7939. Let x = d - -1108. Is x prime?
True
Is (-79003)/(-5*(-2)/5 + (-21)/7) composite?
True
Let b be -4 - -3*1*(-1 + 1930). Let l = 8550 - b. Is l prime?
True
Let m = 109 + -552. Suppose -3*n + 1914 + 177 = 0. Let g = n + m. Is g a composite number?
True
Let c(v) = 229*v + 140. Let n be c(21). Let y = n + -2302. Is y prime?
True
Suppose -f - 5*x - 15 - 1 = 0, 2*x = -2. Let o(u) = 136*u - 28. Let r be o(f). Is r/24*(0 - 2) a prime number?
True
Let s be (-537)/(-15) + (-4)/(-20). Is 4*3/(s/201) composite?
False
Suppose -204 = 8*b + 36. Is (5 - b/(-5))/((-4)/26932) composite?
False
Suppose -5*v + 29532 = 5*u - 125133, -20 = -5*u. Is v composite?
True
Let n(v) be the second derivative of -31*v**3/6 - 27*v**2 - 60*v. Is n(-15) composite?
True
Let d(t) = -21148*t - 27. Let k be d(-8). Suppose k = 17*y + 12*y. Is y a prime number?
False
Suppose -u = 